ue
Suppose 0 = -41*b + 14*b. Suppose -18*a + 5449 + 9329 = b. Is a composite?
False
Suppose 42*k - 1607974 = 687914. Suppose 5*i - 22441 - k = 0. Is i prime?
False
Suppose 0 = -78*r + 80*r - 1644. Is 1 - 230/(-15)*r a composite number?
True
Suppose -2*f + 24 = -15*u + 11*u, 2*f + 16 = -4*u. Let l(b) = b**2 + 3*b. Let g be l(-3). Suppose -5*m + 20 = g, f*q + 2*m = 1266 - 432. Is q a prime number?
False
Suppose -39*g = -54*g + 345. Let u = g - -6420. Is u composite?
True
Let z = 34 + -29. Suppose -3*p - 3*t = -17280, z*p = 2*p + 2*t + 17255. Suppose -4*j - 719 = -p. Is j composite?
False
Let f(p) be the first derivative of -13*p**4 + p**3/3 + 2*p**2 + 7*p + 1. Let x be ((-1)/2)/((-3)/(-12)). Is f(x) prime?
True
Suppose 86*a + 907339 = 117*a. Is a composite?
False
Let v be (-1 + -5)/((-30)/(-360)). Is 6117 + 0 + v/(-18) prime?
True
Let p(h) = 2*h**2 - 34*h + 20. Let w be p(17). Suppose x - 7941 = -a - 816, 5*a - w = 0. Is x composite?
False
Let w = 87618 - 46477. Is w prime?
True
Let i = 373392 + -252275. Is i a composite number?
True
Suppose -16*g = -g + 15. Is g + 31368/(-3 + 9) prime?
True
Let n(w) = 874*w + 5. Let p be (-68)/12 + 6 + 28/6. Suppose 0 = -p*o + o + 4. Is n(o) composite?
True
Let v(d) = 1905*d**3 - 2*d**2 + 7*d + 9. Let q be v(-1). Let m = 5576 + q. Is m prime?
True
Let t(m) = m**2 - 3*m + 8. Let z(v) = 3*v + 27. Let c be z(-8). Let q be t(c). Suppose -q*x = -2465 - 1431. Is x a prime number?
True
Suppose 3*k + 5*p + 56 = 0, 0 = -2*p + 4*p + 8. Let z(b) = 2*b + 26. Let u be z(k). Suppose -4*y + y + 385 = u*h, 5*y + 5*h = 645. Is y composite?
False
Suppose -l + 13779 = 2*l - 3*m, 4*m = 5*l - 22961. Let c = l + -2830. Is c a composite number?
False
Let u = -8860 + 12933. Is u a prime number?
True
Let k be (76/10)/(2/(-10)). Let b = 44 + k. Suppose b*r - 1599 = 2403. Is r a prime number?
False
Suppose 24*j = 19*j, 4*j = -3*w + 5014857. Is w a prime number?
True
Let x(j) = -j**3 - 18*j**2 - 18*j - 13. Let a be x(-17). Let i be a/6*(-45)/(-10). Suppose 3*z - 522 = -7*o + i*o, 0 = -5*o - 15. Is z a composite number?
True
Suppose -64*i - 338878 = -66*i. Is i a prime number?
False
Is (-61)/(1647/(-1836630)) - 2/6 prime?
True
Let f(i) = -43*i**3 + 4*i - 4. Let x be f(1). Let u = 46 + x. Suppose u*d + 4529 = 10*d. Is d a prime number?
True
Suppose 5*b - 110 = -4*x - 0*x, 0 = -2*x + 3*b + 66. Is 13964 + (6/5)/(x/(-75)) composite?
True
Let g = -6321 - -23136. Let t = -11865 + g. Suppose -4*u + t = 1762. Is u prime?
True
Suppose -40*j = 23636 - 1251676. Is j a composite number?
True
Suppose 4*p - 18 = 13*p. Let j be (-1)/(p*4/1064). Suppose -1715 = -5*l - 5*i, l - j - 194 = -5*i. Is l prime?
True
Suppose 33*f = 25*f - 39*f + 11524447. Is f a composite number?
True
Suppose 13 - 1 = 3*q. Suppose -2*k = -q*t - 49161 + 6237, 0 = 2*t - 4*k + 21474. Is t/(-4) - 11/((-264)/18) prime?
True
Let l(q) = 519*q - 119. Suppose -36 = -4*f + 36. Is l(f) a composite number?
True
Let k be (273/26)/(62/56 - 1). Suppose 55 = -3*q - k. Let p = q + 214. Is p composite?
False
Let s(l) = 638*l + 43. Suppose 57 = 6*z + 9. Is s(z) prime?
True
Suppose 11*y - 4964192 = -25*y + 3958732. Is y a composite number?
True
Suppose 6*a - a + 3*d - 34 = 0, 0 = -a + 3*d - 4. Suppose 4*r - 6*r + 40777 = a*y, 2*r = -3*y + 24463. Is y prime?
False
Let t(g) be the first derivative of -342*g**2 + 41*g + 2. Is t(-15) a prime number?
True
Let n be 2/9 - ((-370489)/63 - -11). Suppose 0 = 3*o - n - 589. Is o a prime number?
True
Let n = 6655 - 3262. Let o = -11278 + n. Let k = o + 11136. Is k prime?
True
Suppose 7*g = 8*g - 3. Suppose -7748 + 1164 = -4*o - 2*b, -g*o = 3*b - 4938. Let u = 105 + o. Is u a prime number?
False
Let z = -328 + 328. Suppose c = z, -c + 3*c = -5*f + 30545. Is f a prime number?
False
Let t = -2116 - 313. Let q = t + 8160. Is q composite?
True
Let w be (-3 + -198)/(108/(-40) + 3). Let u = 1261 - 2222. Let r = w - u. Is r a composite number?
True
Suppose 28*o - 4581749 = -75*o. Is o a composite number?
False
Let h = -118643 - -231708. Is h prime?
False
Let n = -21 + 52. Let w(j) = -j + 1. Let a be w(-11). Let x = n - a. Is x prime?
True
Let i(v) = 690*v**2 - 76*v - 397. Is i(9) prime?
False
Suppose -4*v = 3*a - 5189, 7*a - 5*v = 9*a - 3450. Suppose 0 = -c - 3*q - a, -3*c + 3485 = -5*c - q. Let x = -38 - c. Is x composite?
True
Suppose -220*b - 5*a = -216*b - 73886, 2*b + 4*a - 36934 = 0. Is b a prime number?
False
Suppose -33*y = -7491772 + 718951. Is y composite?
False
Let x(y) = -3*y - 23. Let a be x(-9). Let t be (-4 + 2 - a)*(-4)/(-8). Let r(w) = -1264*w - 5. Is r(t) composite?
True
Let d(w) = 85057*w**2 - 18*w + 8. Is d(1) a composite number?
True
Let k be ((1 - -4)/(-10))/((-39)/(-10) - 4). Let u be 4/(-10) + (-15612)/(-5). Suppose 2*h - 12 = k*h, 2*z + 3*h - u = 0. Is z a composite number?
False
Let l(b) = 37*b. Let d be 1/(85/(-15) + 6). Is l(d) prime?
False
Let d(q) = 2*q + 8. Let c be d(-3). Suppose 6*n - 296 = -c*n. Let v = 56 - n. Is v a composite number?
False
Suppose -6*r = 5*n - 7*r - 31545, -3*n + r = -18925. Let i = n - 11. Is i a prime number?
True
Let j = 17937 - 10589. Let r be (2 - 4)*6/(-4). Suppose 3*d - r*o = o + 5511, -4*d = o - j. Is d composite?
True
Let z be -3 + 6 + -1 - -3964. Let l = -1039 + z. Is l a prime number?
True
Suppose -5804 = -30*j + 28*j. Let m be (5 - j/(-4))*4. Suppose 64*b - m = 58*b. Is b composite?
False
Let o = -228 - -227. Is -1759*o/(1 + 0) composite?
False
Let v(r) = -2*r + 12. Let d be v(8). Let n(j) = -464*j**2 - 44*j + 9. Let f(k) = -926*k**2 - 103*k + 18. Let l(y) = 4*f(y) - 9*n(y). Is l(d) prime?
True
Suppose 27*b - 29 = 25. Is 19933/2 + (3 - 5/b) composite?
False
Let k = -73 - -76. Let n(m) = -39*m - 66. Let h(i) = 11*i + 19. Let f(x) = 18*h(x) + 5*n(x). Is f(k) prime?
False
Suppose -2338 - 7610 = -4*j. Suppose 3919 = 5*n + 2*y - 226, 0 = 3*n + 2*y - j. Is n a composite number?
False
Suppose r - 4*n = 1051, 2*r - 2*n + 421 = 2505. Suppose -8232 = 18*l - 6*l. Let o = r + l. Is o a prime number?
True
Let a(i) = 4*i**2 + 8*i + 2. Let k be a(3). Let f = k + -57. Suppose y + 0*x = f*x + 2085, -3*x = -5*y + 10469. Is y a composite number?
True
Let t(j) = 3*j**2 + 27*j + 25. Let z be t(-9). Suppose -z*h + 157916 = -18059. Is h a prime number?
True
Is 19/((-247)/(-1349140)) + -9 prime?
False
Let p = -304 + 520. Let y = p - 15. Is y a composite number?
True
Let v = -690 - -692. Suppose 5*b = -v*a + 53313, 4*b - 8*b = 4*a - 106656. Is a composite?
False
Let l = 812215 + -515552. Is l composite?
False
Let v(l) be the second derivative of 3643*l**4/12 + l**3 + 2*l**2 - 109*l. Is v(-3) a prime number?
False
Let o = -1191 + 5236. Is o a composite number?
True
Suppose 2*b - 3*f + 29 = 0, 0*b - f - 49 = 3*b. Let c be b/(-10) + 16/40. Suppose c*n + 791 - 190 = 3*d, -2*n = -5*d + 1007. Is d prime?
False
Suppose -4*r - 163 + 143 = 0, 235223 = j - 4*r. Is j a composite number?
True
Let w(k) = k - 284. Let s be w(0). Let z(c) = 159*c + 31. Let v be z(5). Let b = v + s. Is b composite?
True
Let b be 1 - (-1 - 0) - (0 - -2). Suppose 8*r = 3*r + o + 24813, b = 5*r + 3*o - 24821. Is r prime?
False
Let c(z) = 1411*z + 974. Is c(57) a prime number?
True
Let r(x) = 137*x**2 + 7*x + 17. Let d be (63/3)/1 - (-7 - -3). Suppose 8*m = 13*m + d. Is r(m) a composite number?
False
Let p be 9/(-54) + 251/(-6). Suppose 2*g = 8*g - 90. Let u = g - p. Is u a prime number?
False
Is 22947 - 3*60/18 a composite number?
False
Suppose -3*x + 32 = r - 17, -4*x = 3*r - 72. Is (-4654)/(-4) - -4*x/40 composite?
True
Is 31 + -32 + (-2947620)/(-6) prime?
False
Suppose 25723 - 309405 = -9*a - 5*s, -94584 = -3*a + 3*s. Is a prime?
False
Let t(s) = -109496*s - 135. Is t(-4) a prime number?
True
Suppose 0 = 5*l - 4*l + 3*x + 860, 4*l - 3*x + 3410 = 0. Let h = 2085 - l. Is h prime?
True
Let x(a) = 2*a**3 + 3*a**2 + 155371. Is x(0) prime?
True
Suppose 4*s - 2*h = 3*h - 23, s - 13 = -5*h. Is ((-2)/(s/15))/((-6)/(-358)) a prime number?
False
Let l be 7 - (-3)/((-6)/8). Suppose 2*k - 14231 = l*v, -4*k + v + 0*v + 28487 = 0. Is k a composite number?
True
Let d(v) = -53*v + 153. Suppose -21*c + 20*c = 4*r + 87, -c + 23 = -r. Is d(r) composite?
False
Suppose -57563 = -2*a + 4*x - 13699, -3*x - 109646 = -5*a. Suppose 12*q = a + 3548. Is q prime?
False
Suppose -4*c + 29